?
1
What is the units digit of 3046791?
1
What is the hundred thousands digit of 1772772?
7
What is the tens digit of 679822?
2
What is the units digit of 2393935?
5
What is the thousands digit of 1276789?
6
What is the hundreds digit of 299698?
6
What is the thousands digit of 197707?
7
What is the hundreds digit of 480442?
4
What is the units digit of 713759?
9
What is the millions digit of 2943327?
2
What is the hundreds digit of 182887?
8
What is the hundreds digit of 1946701?
7
What is the hundreds digit of 1391796?
7
What is the units digit of 841959?
9
What is the tens digit of 2335340?
4
What is the thousands digit of 9318939?
8
What is the thousands digit of 2976?
2
What is the tens digit of 29131907?
0
What is the millions digit of 11638163?
1
What is the millions digit of 2374835?
2
What is the ten thousands digit of 9932482?
3
What is the hundreds digit of 182625?
6
What is the thousands digit of 2784245?
4
What is the tens digit of 5289128?
2
What is the hundred thousands digit of 476487?
4
What is the hundreds digit of 853744?
7
What is the tens digit of 4463566?
6
What is the units digit of 673362?
2
What is the hundred thousands digit of 196286?
1
What is the millions digit of 12219004?
2
What is the hundreds digit of 10030869?
8
What is the units digit of 5426179?
9
What is the hundred thousands digit of 193286?
1
What is the hundreds digit of 228512?
5
What is the units digit of 937432?
2
What is the hundred thousands digit of 112568?
1
What is the ten thousands digit of 127751?
2
What is the units digit of 7507531?
1
What is the units digit of 166048?
8
What is the ten thousands digit of 1345228?
4
What is the units digit of 15563649?
9
What is the hundreds digit of 14252678?
6
What is the hundred thousands digit of 32164196?
1
What is the thousands digit of 1934537?
4
What is the hundreds digit of 939184?
1
What is the thousands digit of 10021543?
1
What is the hundreds digit of 317790?
7
What is the tens digit of 7925342?
4
What is the hundreds digit of 470386?
3
What is the tens digit of 790867?
6
What is the ten thousands digit of 668661?
6
What is the units digit of 513276?
6
What is the thousands digit of 15337151?
7
What is the ten thousands digit of 25609952?
0
What is the ten thousands digit of 82831?
8
What is the ten thousands digit of 2630337?
3
What is the millions digit of 3030239?
3
What is the ten thousands digit of 3330750?
3
What is the units digit of 326435?
5
What is the hundreds digit of 128800?
8
What is the units digit of 102492?
2
What is the units digit of 608417?
7
What is the millions digit of 1045351?
1
What is the thousands digit of 274606?
4
What is the ten thousands digit of 1445478?
4
What is the hundred thousands digit of 19676057?
6
What is the millions digit of 4626185?
4
What is the units digit of 4260975?
5
What is the hundred thousands digit of 1345626?
3
What is the thousands digit of 983410?
3
What is the ten thousands digit of 522577?
2
What is the thousands digit of 605508?
5
What is the millions digit of 2045836?
2
What is the thousands digit of 217901?
7
What is the ten thousands digit of 1502822?
0
What is the hundreds digit of 870418?
4
What is the tens digit of 8723666?
6
What is the hundred thousands digit of 456768?
4
What is the tens digit of 637062?
6
What is the thousands digit of 440781?
0
What is the hundred thousands digit of 313577?
3
What is the millions digit of 7255324?
7
What is the ten thousands digit of 24945525?
4
What is the tens digit of 967598?
9
What is the thousands digit of 3852699?
2
What is the millions digit of 1503740?
1
What is the hundreds digit of 153064?
0
What is the ten millions digit of 11500472?
1
What is the ten thousands digit of 17822777?
2
What is the thousands digit of 430090?
0
What is the units digit of 675506?
6
What is the hundreds digit of 964899?
8
What is the units digit of 21884?
4
What is the hundred thousands digit of 242473?
2
What is the millions digit of 1019448?
1
What is the units digit of 12280?
0
What is the thousands digit of 1310252?
0
What is the ten millions digit of 14650235?
1
What is the millions digit of 2466690?
2
What is the tens digit of 20504936?
3
What is the hundred thousands digit of 290884?
2
What is the hundreds digit of 3583049?
0
What is the hundreds digit of 398908?
9
What is the thousands digit of 75499?
5
What is the thousands digit of 595633?
5
What is the ten thousands digit of 504222?
0
What is the tens digit of 16598973?
7
What is the thousands digit of 1065353?
5
What is the units digit of 13098643?
3
What is the millions digit of 3637951?
3
What is the units digit of 635555?
5
What is the thousands digit of 1051104?
1
What is the ten thousands digit of 2242636?
4
What is the thousands digit of 198082?
8
What is the tens digit of 65071?
7
What is the tens digit of 4486503?
0
What is the hundred thousands digit of 266580?
2
What is the hundreds digit of 8152607?
6
What is the hundred thousands digit of 11925054?
9
What is the hundreds digit of 2531168?
1
What is the units digit of 733087?
7
What is the thousands digit of 11935701?
5
What is the thousands digit of 448883?
8
What is the hundred thousands digit of 1366907?
3
What is the hundreds digit of 422969?
9
What is the units digit of 268846?
6
What is the hundred thousands digit of 707133?
7
What is the units digit of 267175?
5
What is the hundred thousands digit of 138967?
1
What is the units digit of 621829?
9
What is the hundred thousands digit of 7905512?
9
What is the thousands digit of 16484749?
4
What is the ten thousands digit of 7724444?
2
What is the units digit of 601469?
9
What is the units digit of 2798449?
9
What is the hundreds digit of 66966?
9
What is the units digit of 23341?
1
What is the ten thousands digit of 29993699?
9
What is the units digit of 229734?
4
What is the tens digit of 612131?
3
What is the hundred thousands digit of 1145945?
1
What is the units digit of 234706?
6
What is the ten thousands digit of 2728225?
2
What is the hundreds digit of 307261?
2
What is the hundreds digit of 159916?
9
What is the hundreds digit of 187685?
6
What is the tens digit of 1496250?
5
What is the units digit of 293029?
9
What is the hundreds digit of 575561?
5
What is the units digit of 1350420?
0
What is the units digit of 2781602?
2
What is the tens digit of 2522847?
4
What is the units digit of 7393478?
8
What is the units digit of 3113715?
5
What is the hundred thousands digit of 718927?
7
What is the millions digit of 4214800?
4
What is the units digit of 8509397?
7
What is the thousands digit of 181750?
1
What is the tens digit of 7494041?
4
What is the tens digit of 410042?
4
What is the ten thousands digit of 3474378?
7
What is the ten thousands digit of 24652856?
5
What is the millions digit of 2092220?
2
What is the hundred thousands digit of 3905878?
9
What is the units digit of 38053470?
0
What is the units digit of 594404?
4
What is the tens digit of 877004?
0
What is the thousands digit of 22525335?
5
What is the hundred thousands digit of 645845?
6
What is the thousands digit of 1934073?
4
What is the hundred thousands digit of 792450?
7
What is the hundreds digit of 609224?
2
What is the hundred thousands digit of 19969830?
9
What is the thousands digit of 2057203?
7
What is the thousands digit of 4462451?
2
What is the thousands digit of 2730478?
0
What is the tens digit of 2484073?
7
What is the hundreds digit of 24995?
9
What is the millions digit of 8733712?
8
What is the units digit of 188102?
2
What is the hundred thousands digit of 15529431?
5
What is the units digit of 134374?
4
What is the tens digit of 340236?
3
What is the tens digit of 16862556?
5
What is the hundred thousands digit of 2642529?
6
What is the tens digit of 169321?
2
What is the tens digit of 212779?
7
What is the tens digit of 2583605?
0
What is the thousands digit of 863462?
3
What is the ten millions digit of 28668737?
2
What is the hundred thousands digit of 9146208?
1
What is the ten thousands digit of 8186173?
8
What is the thousands digit of 477786?
7
What is the hundreds digit of 6927259?
2
What is the units digit of 25264186?
6
What is the hundreds digit of 243589?
5
What is the thousands digit of 366125?
6
What is the tens d